(a).
11
Let c(u) = 3*u**2 - 2*u. Let t(n) = -2*n**2 + 12*n - 10. Let m be t(4). Suppose -1 - 8 = -5*i + 2*b, -i - m = -3*b. Calculate c(i).
21
Let d(k) = -11*k**2 - 3*k - 6. Suppose -312 = 205*j + 135*j + 28. Calculate d(j).
-14
Let x be 20*2*(-31 - 4131/(-135)). Let l(d) = -2*d**2 - 25*d + 25. Let r(w) = -3*w**2 - 38*w + 38. Let g(z) = 7*l(z) - 5*r(z). What is g(x)?
1
Let c be 22 + 12/(-10)*(-10)/4. Let h = c - 29. Let r be (1 - 0)*h*(-2 + 3). Let b(f) = -4*f - 4. What is b(r)?
12
Let l be ((-22)/3)/((-7)/(-3) - 3). Let c(f) = -6*f**2 - 5 + 19*f**2 - l*f - 14*f**2. Let r be c(-10). Let v(d) = -d - 1. Give v(r).
-6
Let y(w) = -4*w + 3. Let t(k) be the first derivative of 3*k**2/2 - 2*k - 59. Let r(a) = 3*t(a) + 2*y(a). Calculate r(-7).
-7
Let x(j) = -j**2 - 3*j + 26. Let c(k) = k**2 + 4*k - 29. Let y(p) = -2*c(p) - 3*x(p). Determine y(-6).
10
Let z(o) = 4*o**3 - o**2 + 9*o - 4. Let p be z(2). Suppose a - 3 = 3*m, -5*a - m - p = 3*m. Let v(t) = -t. Calculate v(a).
6
Let s(i) = i**3 + 5*i**2 - 22*i + 9. Let n = -31030 - -31022. Determine s(n).
-7
Let t(b) = b**2 - 8*b + 4. Let k = 3 + -11. Let x be ((-24)/(-9))/(2 + k/6). Suppose -l + q - x*q = -20, 2*l + 5*q = 36. Give t(l).
4
Let l be (-16)/14*(9/2 + -8). Suppose 5*j = -11*x + 16*x - 35, 44 = -2*j - l*x. Let s(y) = y**2 + 11*y - 14. What is s(j)?
-2
Let n(i) = -i**2 + 17*i + 238. Let j be n(-9). Suppose -7*g + 4*g = -s + 9, -5*g - 32 = j*s. Let o(r) = 2*r**2 + 6*r + 7. Calculate o(s).
7
Suppose 0 = 2*x + 5*d - 29, 26 = 2*x + 3*d - 9. Let g(i) = 3*i**2 - 2*i**2 - 35*i - 7 + 21*i + x*i. Give g(-9).
2
Let q(o) be the second derivative of o**6/120 - 3*o**5/20 - o**4/24 + o**3/2 - 61*o**2 - 32*o - 2. Let m(f) be the first derivative of q(f). Determine m(9).
-6
Let b(c) = 7*c + 222. Let v be b(-31). Suppose -3*s - v*j = 37 - 0, 0 = 3*s - 3*j - 3. Let z(n) = -5*n + 5. What is z(s)?
25
Let v be (3 - 175/(-30)) + 5/7*1617/(-1386). Let n(c) = c + c + 7 - 4*c. Calculate n(v).
-9
Let q be (0 - (-3 - -2)) + -5. Let a(i) = 5*i - 13*i + i + 4 + 12*i. Calculate a(q).
-16
Let z = -157 + 159. Let g(p) = -6 + 4*p + 11 - 2 + p**2 + 0*p**z. Calculate g(-3).
0
Let q(s) = 5*s**2 - 8*s + 4. Suppose 10 = -3*h - 2*u, 7*u = 2*h + 12*u + 25. Give q(h).
4
Let w(a) = -a**2 - a + 8. Let s(n) = -11*n - 7 + 4 - n**2 - 8. Let b be s(-10). Let r be 0/6*b/3. Give w(r).
8
Let g(f) = f**3 - f**2. Let k(r) = -5*r**3 + 4*r**2 - 1. Let o = 285 - 284. Let w(c) = o*k(c) + 4*g(c). What is w(-2)?
7
Let i(f) = -f**2 + f + 1. Let z(r) be the first derivative of -21 - 1/3*r**3 - 3*r**2 - 2*r. Let k be z(-6). Give i(k).
-5
Let r(k) = -k**3 - 5*k**2 + 8*k + 7. Suppose 10*d + 8 - 38 = 0. Suppose 0 = -d*a - 206 + 47. Let v = a - -47. Give r(v).
-5
Let a(j) = -4*j**2 - 7*j + 13. Let o(v) = -v**2 + v + 2. Let b(x) = a(x) - 2*o(x). Determine b(-7).
-26
Let b be (-14 + 16)*(3/1 + -2). Let r(o) = -o**2 - 7*o. Let w(x) = 5*x**2 + 13*x. Let s(m) = b*r(m) + w(m). Suppose -2*q + 3 + 1 = 0. Determine s(q).
10
Suppose 5*g - 58 = q, 6040*q + 38 = 6035*q - 3*g. Let m(f) = f**2 + 12*f - 2. Let a(p) = 2*p**2 + 24*p - 5. Let c(o) = 2*a(o) - 5*m(o). What is c(q)?
-13
Let b be (2 - 14/2) + -1 + 51. Suppose 20*x - 35*x = b. Let u(h) be the third derivative of h**5/60 + h**4/24 - h**3/2 - h**2. Determine u(x).
3
Suppose 96 = 4*m + 20. Let o(x) = x**2 - 22*x + 57. What is o(m)?
0
Let t(d) = d**3 - 53*d**2 - 14*d + 737. Let c be t(53). Let y(o) = -o**2 - 8*o - 7. Calculate y(c).
8
Let p = 14265 + -14265. Let n(w) = -15*w + 12. Determine n(p).
12
Let h(w) be the third derivative of w**6/60 - w**5/20 + w**4/24 - w**3/3 + 21*w**2. Suppose 2*i + 16 = 2*f + 3*f, -i - 3 = 0. Calculate h(f).
4
Let c be 10/(-8) + 215/172. Let f(j) = -j**2 + j - 61. Determine f(c).
-61
Suppose 5*u - 7 = 3*w, 0 = -2*w - 6*u + 2*u - 34. Let y be 4 + 4/6*w. Let l(b) = 2*b - 1. Let m(f) = -f. Let h(g) = l(g) + 3*m(g). What is h(y)?
1
Let z be (60/(-25))/(24/(-40)). Suppose -3*k + 13*y - 18*y + 34 = 0, 0 = 4*k - z*y + 8. Let j(i) = i**2 + 2*i + 3. Determine j(k).
18
Let m(w) be the second derivative of -w**5/20 - w**4/3 - w**3/6 - w**2 + 3*w + 168. Let d = -1 - -6. Suppose -z - d = h, 2*z = h - 6*h - 22. Give m(h).
2
Let c be 473/(-559) + -2*(-5)/(-65). Let g(n) be the first derivative of -2*n**4 + n**3/3 + n**2 + 2*n - 19. Give g(c).
9
Suppose 228 = 5*o + 3*t, -3*t = 10 + 2. Let j be 2/(-5) + o/(-80) - 4. Let r(v) = -v**3 - 6*v**2 - 7*v - 5. What is r(j)?
5
Let y(f) be the second derivative of f**4/6 + 2*f**3/3 + 3*f**2 + 432*f. Let n = -11 + 7. Give y(n).
22
Let w(h) = h - 3. Suppose 5*j - 16*j = -55. Suppose -j*r - 3*v - 15 = -39, -2*r - 9 = -5*v. Determine w(r).
0
Let b be -13 + 1/(-3)*-63. Let c(y) = 9*y - 65. Determine c(b).
7
Let h(s) be the first derivative of s**3/3 - 9*s**2/2 + 3*s - 1. Let v(i) = -13*i**2 - 185*i - 604. Let q be v(-9). Determine h(q).
-5
Suppose 416*p - 425*p + 45 = 0. Suppose -2*n - 15 = a, -9 = -3*n + p*a + 1. Let w(i) = i**2 + 6*i - 4. Give w(n).
-9
Suppose 3*f + 9 = 24. Let a(m) = m**2 - f*m - 30 + 13 + 9. Give a(6).
-2
Let d(j) = 5*j + 2*j - 2*j - j**2 + 6. Suppose -2*c = -v - 159, 5*c - 6*v = -7*v + 387. Suppose 33*a - c = 87. Give d(a).
6
Let w(z) = -4*z + 10. Let m be (5 + 2 + 2)/(-1). Let b be -1 + (8 - 2)*(-12)/m. Give w(b).
-18
Let v(t) = -t**2 - 3*t + 6. Suppose 131 = -u + 134. Suppose -3*x = 2*j - 6 - 8, -u*j + 14 = x. Calculate v(j).
-22
Let c(s) = -s**2 - 2*s + 30. Suppose -3*w - 64 + 19 = -6*x, 2*w = -2. Give c(x).
-33
Let h be -2*(-1 - 39/2) + -1. Suppose -h + 52 = 3*s. Let d(k) = 4*k - 6 - s + 2. Determine d(7).
20
Let z(d) = -d**2 - 4*d - 1. Let t be z(-3). Let c(k) = -1 - 3*k - k + t. Suppose 11 + 16 = -15*v - 2*x, -2*x + 24 = -6*x. What is c(v)?
5
Suppose 10284 + 18701 = 31*r. Let z = r - 920. Let i(y) = y**2 - 14*y - 12. Give i(z).
3
Let t(o) = -8*o**2 - 3*o + 96 - 4094*o**3 + 1832*o**3 + 2263*o**3. What is t(6)?
6
Let c(y) = -23*y + 5. Let a(d) = -106*d + 21. Let t(n) = 2*a(n) - 9*c(n). Suppose -3*q = 5*x + 35, 3*q - 4*x + 5*x = -19. What is t(q)?
22
Let r(p) = 5*p**2 - 11. Let d(x) = -4*x**2 + 16*x + 16. Let s(j) = 3*j**2 - 19*j - 15. Let m(a) = -6*d(a) - 5*s(a). Let w(k) = 4*m(k) - 7*r(k). Give w(6).
5
Let d(b) = b**2 - b - 2. Let m(a) = 2*a**2 + a + 4. Let w(l) = -4*d(l) + m(l). Determine w(5).
-13
Let n(k) = k**3 - 35*k**2 + 35*k - 29. Let l(x) = x**3 - 4*x**2 - 32*x + 154. Let u be l(6). Give n(u).
5
Let z = 227 + -225. Let p be z/(-6)*17/(17/6). Let c(b) = b**3 + 5*b**2 - 2. What is c(p)?
10
Suppose 28*a - 9 = 19. Let x(g) = -g**2 - g + 1. Let v(q) = -2*q**2 + 6*q + 10. Let o = -22 + 19. Let c(h) = a*v(h) + o*x(h). Determine c(-9).
7
Let l(p) = 37*p**3 + 60*p**2 - 5*p - 154. Let k(q) = -14*q**3 - 20*q**2 + 2*q + 52. Let v(o) = -8*k(o) - 3*l(o). What is v(20)?
26
Suppose -73 = -2*h - p, -4*p + 11 + 9 = 0. Let u = h - 31. Let k(r) = 2*r - r**2 + 6*r**2 - 6*r**2 - r - r**u. Determine k(-2).
2
Let q(w) = w**2 + w - 3. Let c(b) be the third derivative of 0 - 2/3*b**3 + 1/24*b**4 - 7*b**2 + 0*b + 0*b**5 + 1/120*b**6. Let h be c(0). Calculate q(h).
9
Suppose -q - q = -2. Let m be 16/24*(11 + q). Let t(n) be the third derivative of -n**4/12 + 2*n**3 + 26*n**2 + 3. What is t(m)?
-4
Suppose 16*v = -20 - 12. Let u(p) = -32*p + 4. Let f(k) = -5*k + 1. Let t(q) = -6*f(q) + u(q). Determine t(v).
2
Suppose -31*f = 105 - 136. Let l(g) = 116*g**2 - g - 1. What is l(f)?
114
Let c(a) = -3*a - 5*a + a - 11*a**3 + 30*a**3 + 13 - 18*a**3. Give c(2).
7
Suppose 10*v - 6*v - 8 = 0. Suppose r - 5*a = -3*r + 3, -v*a - 6 = -4*r. Let n(h) = -39*h**2 + h**3 + 4*h - 38*h**r - 1 - 1 + 72*h**2. Determine n(2).
-6
Let v(a) = 11*a**2 + 2*a - 27. Let i(z) = -z**2 + 4. Let r(u) = -6*i(u) - v(u). Determine r(-6).
-165
Let p(x) = 4*x**2 + 90*x - 49. Suppose 322 = -2*c - 12*c - 0*c. Give p(c).
-3
Let h(k) = -k**3 + 3*k**2 + 4*k - 5. Let w(n) = n + 3. Let p be w(6). Suppose -p = -32*q + 29*q. Let d(s) = -3*s**2 + 10*s + 1. Let b be d(q). What is h(b)?
-5
Let t(v) = 2*v**3 - 11*v**2 - 8*v + 5. Let b(w) = -4*w**2 + 225*w + 412. Let y be b(58). Give t(y).
-7
Let u(t) be the second derivative of t**5/10 + 5*t**4/3 - t**3/6 + 3*t**2 - t + 6327. Give u(-10).
16
Let z(i) = i + 36. Suppose -3*x - 17 = d, 3*d + 5*x - 9 = 4*d. Let u be z(d). Suppose -3*a - 55 = -u. Let g(f) = 2*f + 16.